) to base 8.
-214043
Convert 988 (base 10) to base 11.
819
Convert 40012 (base 6) to base 5.
131232
Convert 3715 (base 14) to base 15.
2cb8
-4023321 (base 5) to base 16
-fad3
What is -314 (base 13) in base 5?
-4044
What is 462 (base 9) in base 13?
233
-1432 (base 10) to base 9
-1861
334b (base 13) to base 5
212121
62371 (base 9) to base 14
10dbd
-38271 (base 9) to base 5
-1310431
-1154 (base 7) to base 6
-1555
Convert 33413 (base 5) to base 14.
c06
110 (base 7) to base 5
211
What is -457 (base 8) in base 3?
-102020
22120020 (base 3) to base 4
1201203
What is -73 (base 14) in base 9?
-122
What is -1880 (base 9) in base 15?
-669
7730 (base 13) to base 11
11522
What is -113 (base 4) in base 10?
-23
5003 (base 6) to base 8
2073
What is -11100111 (base 2) in base 3?
-22120
-1b13 (base 13) to base 15
-1317
Convert -140233 (base 5) to base 11.
-4306
7e0 (base 16) to base 8
3740
454 (base 16) to base 10
1108
11807 (base 11) to base 7
100260
225 (base 14) to base 2
110101001
Convert 31005 (base 7) to base 12.
4453
-ed1 (base 15) to base 10
-3346
Convert -403332 (base 5) to base 14.
-4a23
Convert 88400 (base 9) to base 12.
29b30
-2032 (base 4) to base 11
-11a
Convert 112144 (base 5) to base 6.
30425
Convert 907c (base 15) to base 5.
1433432
Convert -2426 (base 7) to base 4.
-32012
5505 (base 7) to base 8
3655
Convert -135 (base 14) to base 9.
-300
What is -2501 (base 9) in base 6?
-12344
What is 2221111 (base 3) in base 7?
6154
What is 414 (base 8) in base 3?
100221
Convert 691 (base 14) to base 6.
10011
-1212211201 (base 3) to base 12
-19547
Convert 11101233 (base 4) to base 6.
244023
What is -221022 (base 3) in base 9?
-838
-1b73a (base 12) to base 2
-1001111101011110
What is 624 (base 7) in base 5?
2222
Convert 3850 (base 14) to base 3.
111112120
Convert -2203203 (base 4) to base 8.
-24343
Convert 434342 (base 6) to base 14.
d18a
Convert 571 (base 12) to base 11.
672
What is -1030233 (base 6) in base 11?
-35054
What is -203212 (base 4) in base 14?
-b8a
-3032002 (base 4) to base 8
-31602
-6633 (base 8) to base 13
-177c
What is -3052 (base 8) in base 10?
-1578
Convert 10200202 (base 3) to base 8.
5205
What is 24477 (base 8) in base 5?
314214
What is -1074 (base 8) in base 4?
-20330
What is -436d (base 15) in base 9?
-21524
Convert -d428 (base 15) to base 5.
-2413223
Convert 497 (base 10) to base 6.
2145
Convert -5583 (base 13) to base 2.
-10111010100001
What is 1214 (base 10) in base 7?
3353
-42438 (base 10) to base 12
-20686
Convert 10304 (base 5) to base 8.
1300
2146 (base 14) to base 2
1011001110010
Convert 55642 (base 7) to base 14.
5192
Convert 7699 (base 12) to base 14.
4aa1
-1022 (base 8) to base 13
-31a
Convert 20222102 (base 3) to base 4.
1033133
-1040 (base 6) to base 13
-156
What is -a62 (base 13) in base 16?
-6ea
What is -11305 (base 8) in base 15?
-1655
-34a (base 16) to base 11
-6a6
Convert 14141 (base 5) to base 12.
817
What is -28a (base 13) in base 2?
-111000100
Convert -1111100001011110 (base 2) to base 14.
-19258
Convert 6590 (base 13) to base 9.
21355
11100101111 (base 2) to base 14
955
What is -27ba (base 15) in base 14?
-3152
What is -75 (base 15) in base 4?
-1232
Convert -1054b (base 14) to base 10.
-39463
What is -7813 (base 10) in base 3?
-101201101
-101101202 (base 3) to base 6
-55032
What is 22202 (base 4) in base 2?
1010100010
71770 (base 8) to base 2
111001111111000
Convert -10020 (base 4) to base 13.
-174
-8135 (base 12) to base 10
-14009
-1021221 (base 4) to base 16
-1269
2163 (base 11) to base 8
5444
-1ea (base 15) to base 12
-311
What is -21102100 (base 3) in base 13?
-2601
-1884 (base 10) to base 11
-1463
-138ec (base 15) to base 10
-62772
Convert -16f (base 16) to base 13.
-223
Convert -733 (base 11) to base 16.
-373
-4423 (base 8) to base 10
-2323
Convert 40064 (base 7) to base 3.
111020102
1001101010 (base 2) to base 8
1152
Convert -354 (base 15) to base 4.
-23302
What is -201102122 (base 3) in base 13?
-65a8
What is -45528 (base 10) in base 4?
-23013120
Convert -2577 (base 10) to base 15.
-b6c
192 (base 10) to base 12
140
What is -11321200 (base 4) in base 12?
-11b94
Convert -11385 (base 10) to base 15.
-3590
-23403 (base 10) to base 6
-300203
What is 567 (base 8) in base 2?
101110111
Convert -544 (base 6) to base 8.
-320
74b (base 13) to base 3
1201011
598 (base 12) to base 11
6a0
-664 (base 7) to base 11
-28a
62152 (base 8) to base 14
9522
4ea (base 15) to base 10
1120
-94b2 (base 12) to base 7
-65261
What is -3020 (base 6) in base 10?
-660
Convert -37b6 (base 16) to base 12.
-8306
Convert 8542 (base 13) to base 15.
571a
What is 4155 (base 6) in base 15?
425
Convert 194 (base 15) to base 16.
16c
What is 2952 (base 13) in base 14?
2274
What is -101 (base 15) in base 16?
-e2
-2fd6 (base 16) to base 8
-27726
-845 (base 10) to base 12
-5a5
Convert -288 (base 11) to base 14.
-1a2
What is 789 (base 15) in base 8?
3250
Convert 430351 (base 6) to base 4.
20210323
Convert 1521 (base 11) to base 8.
3647
What is -1613 (base 15) in base 6?
-33543
Convert -2105 (base 7) to base 8.
-1344
Convert -b8e (base 16) to base 4.
-232032
Convert -23a1 (base 12) to base 13.
-1a95
What is -1a0 (base 12) in base 4?
-10020
101011 (base 3) to base 12
1aa
-31203 (base 4) to base 14
-45d
28a3 (base 11) to base 3
12010122
232323 (base 4) to base 7
11520
11002201 (base 3) to base 11
2278
Convert 1a19 (base 13) to base 6.
30033
65b (base 14) to base 15
58c
Convert -2271 (base 12) to base 2.
-111011110101
Convert -701 (base 8) to base 12.
-315
-1856 (base 10) to base 16
-740
170b (base 13) to base 11
2603
Convert 12e8 (base 15) to base 3.
12112202
What is -346422 (base 7) in base 2?
-1111001101010111
-32003 (base 4) to base 10
-899
What is -1000111000000010 (base 2) in base 10?
-36354
Convert -1213 (base 4) to base 15.
-6d
-125 (base 15) to base 9
-318
What is 715 (base 8) in base 9?
562
Convert -416 (base 8) to base 2.
-100001110
What is 24a0 (base 13) in base 8?
12120
-101400 (base 7) to base 6
-212150
-244 (base 12) to base 3
-110121
-3a9 (base 16) to base 15
-427
What is -121 (base 11) in base 12?
-100
-4123 (base 8) to base 6
-13511
-13352 (base 7) to base 11
-2796
Convert 2 (base 4) to base 12.
2
Convert -2002 (base 4) to base 7.
-244
Convert -247 (base 12) to base 15.
-17d
15165 (base 8) to base 12
3b05
11331 (base 6) to base 2
11001100111
-1034 (base 7) to base 6
-1412
What is -32 (base 11) in base 10?
-35
What is -2500 (base 8) in base 11?
-1012
Convert 71 (base 10) to base 9.
78
-21310 (base 5) to base 12
-a13
What is 1136 (base 11) in base 15?
696
-417 (base 10) to base 4
-12201
What is 14357 (base 9) in base 14?
37c0
What is 10013 (base 4) in base 11?
21a
Convert 10421 (base 5) to base 4.
23200
Convert 30313121 (base 4) to base 12.
265b5
Convert -26dc (base 15) to base 8.
-20163
-112100100 (base 3) to base 5
-313313
What is 7486 (base 9) in base 14?
2013
1000020 (base 4) to base 12
2460
111101011010 (base 2) to base 15
1270
Convert -220210 (base 3) to base 14.
-35b
-2822 (base 9) to base 14
-abc
Convert -551e (base 16) to base 7.
-120346
a50 (base 14) to base 10
2030
Convert 10fb9 (base 16) to base 13.
2587b
Convert 21143 (base 9) to base 12.
8103
What is 35335 (base 7) in base 3?
110110201
-1100000221 (base 3) to base 13
-bc59
What is -13168 (base 10) in base 13?
-5cbc
Convert -22404 (base 6) to base 2.
-110001100100
Convert -10112121 (base 3) to base 9.
-3477
-1736 (base 12) to base 3
-10210220
Convert 1332001 (base 4) to base 2.
1111110000001
11300102 (base 4) to base 6
301042
-598 (base 11) to base 14
-38c
What is -296 (base 15) in base 8?
-1117
Convert -1570 (base 12) to base 16.
-9e4
Convert -10061 (base 7) to base 3.
-10100112
-32231320 (base 4) to base 5
-3412110
2305 (base 6) to base 4
20201
Convert 7288 (base 15) to base 14.
8b6b
-151 (base 6) to base 14
-4b
23a03 (base 11) to base 4
20122320
Convert 403214 (base 5) to base 10.
12934
What is -164 (base 16) in base 14?
-1b6
4134 (base 5) to base 2
1000100000
Convert 40a (base 11) to base 6.
2142
Convert -22201 (base 4) to base 5.
-10143
Convert -13332322 (base 4) to base 9.
-48761
-1120211122 (base 3) to base 5
-1444404
32246 (base 10) to base 14
ba74
What is -39a (base 12) in base 3?
-202101
Convert 633 (base 7) to base 15.
163
What is 3300 (base 5) in base 12?
316
Conv